 l = z + 50. What is the units digit of l?
9
Suppose 4*w - 5 = -3*j, -w = -0*w - j - 3. Suppose -2*y + 110 = 3*x - 529, -w*x + 1570 = 5*y. What is the hundreds digit of y?
3
Suppose 6*f = f + 5. Let r be (f/1 + -1)/2. Let o = 102 - r. What is the units digit of o?
2
Suppose 0 = -28*k + 32*k - 7432. Suppose 1814 = 24*i - k. What is the units digit of i?
3
Let j be (-10)/25 - (-3882)/30. What is the hundreds digit of ((-504)/(-10))/(j/60 - 2)?
3
Suppose 12989244 - 2834203 = 307*c - 2123117. What is the tens digit of c?
9
Let o(z) = -z**3 - 43*z**2 - 676*z - 13. What is the ten thousands digit of o(-37)?
1
What is the tens digit of 49876/40*(22 + -12)?
6
Let y = -110 + 108. Let u be -1 + (2 - 52*y). Let t = -68 + u. What is the tens digit of t?
3
Let o(h) = 549*h - 351. Let m(y) = -7 - 6 - 3 + 0 + 25*y. Let f(d) = 45*m(d) - 2*o(d). What is the hundreds digit of f(7)?
1
Let r(y) = 224*y - 3038. What is the tens digit of r(41)?
4
Suppose -553*m + 35*m + 19594904 = 0. What is the thousands digit of m?
7
Suppose -314*p - 54 = -323*p. What is the tens digit of (-1 - 949)*(p + 204/(-30))?
6
What is the thousands digit of (-3 - 13 - -1) + 12699?
2
Let h(q) = 4234*q**3 + 4*q**2 + 4*q - 3. What is the tens digit of h(1)?
3
Let k be 32/32*21/3. Suppose 0 = k*j - 771 - 125. What is the hundreds digit of j?
1
Suppose -5*g + 8 = -3*p - 8, 0 = -p - g + 8. Suppose 5*a = -3*z - p*z + 5699, -5*a = -z + 944. What is the tens digit of z?
4
Let h be 0 + (-4 - 8)*(0 + -1). Suppose h*n = 18*n + 504. What is the tens digit of n/18*(-90)/7?
6
Let c(n) = -6*n + 21. Let z be c(9). Let b = -31 - z. Suppose 3*u - 557 = o, 2*o + b*o = u - 204. What is the units digit of u?
4
Suppose 25 = i + 4*i. Suppose v - 17 = 4*p + 7, 0 = 3*v - i*p - 44. Suppose 0 = -l - 3*r + 3 + v, 0 = -3*l + r + 33. What is the units digit of l?
1
Let s = -1233 + 872. Let q = -127 - s. Suppose u = -u + q. What is the tens digit of u?
1
Let a = 69351 - 22966. What is the ten thousands digit of a?
4
Let x = -24 - -36. Let n(s) = -12 + s**2 + 75*s + 3 - 78*s. What is the units digit of n(x)?
9
Let a be (13/(-13))/((-2)/10). Suppose o + a*n = 2*o - 5, 10 = o - 4*n. Suppose -2*k = -2*q + 72, 3*k = -q + 86 - o. What is the units digit of q?
1
Suppose 4*c + 5*a = 8, 2*c + 3*a - 2 = 2. Suppose 3*m = 2*i + 4439, c*m + 5*i = 1346 + 1626. What is the tens digit of m?
8
What is the tens digit of (-5411241)/(-792) - (0 - (-5)/(80/6))?
3
Let f be (-3 + 0)/(6/8). What is the units digit of (41/f)/((-6)/48)?
2
What is the ten thousands digit of (-624580)/(-18) + ((-330)/(-54) - (6 - 0))?
3
Suppose -7*j + 23715 + 24652 + 19568 = 0. What is the hundreds digit of j?
7
Let k be 155/20 - (-3)/12. Suppose -k*g + 1874 - 466 = 0. What is the units digit of g?
6
Let y(o) = -o**3 + 8*o**2 + 2*o - 21. Let s be y(8). Let q(h) = 31*h**2 - 15*h - 34. What is the units digit of q(s)?
6
Let p(h) = -183*h + 7. Let i be p(-3). Suppose 6*x - i + 130 = 0. What is the tens digit of x/1 + (0/(-1))/(-1)?
7
Suppose -5*z + 15805 = 5*a, 5*z + 169 - 164 = 0. What is the tens digit of a?
6
Suppose -142*l + 6612 = -26*l. What is the units digit of l?
7
Suppose -438221 = -214*t + 184*t + 229399. What is the units digit of t?
4
Suppose 0 = 36*l + 29*l - 658645. What is the hundreds digit of l?
1
What is the hundreds digit of (173/2)/((-4002)/(-444) - 9)?
4
Let s be (-1)/(-4) + (-7)/(-4). Suppose 0*m = -s*g + m + 999, -2502 = -5*g + m. What is the units digit of g?
1
Suppose v - 6 = r, 5*r + 2*v + 50 - 6 = 0. Let h(g) = 3*g**3 + 29*g**2 + 2*g + 2. What is the units digit of h(r)?
6
Suppose -8*h + 97 = -15. What is the tens digit of (240/h)/(3*(-14)/(-1911))?
8
Suppose 0 = -9*t + 14*t - q + 58, 4*t = -3*q - 54. Let x(b) = 2*b**2 + 19*b + 28. What is the units digit of x(t)?
8
What is the thousands digit of (3 + (-9893)/39)*78/(-4)?
4
What is the units digit of 1828473/(-93)*(-1 + 0)?
1
What is the units digit of (1 - (2 + -79))/((-655)/(-168990))?
4
Let h(y) = y**3 + 22*y**2 - 40*y + 92. What is the tens digit of h(-21)?
7
Let u be (28/7 - 6)/((-2)/36). Suppose -46*z = -u*z - 9310. What is the units digit of z?
1
Let j(y) = 2*y - 2. Let m be j(4). Suppose m = -31*v + 33*v. Suppose 5*o + v*a - 32 = 0, -a - 2*a - 10 = -o. What is the units digit of o?
7
Suppose -2*a = -1998 - 4068. What is the units digit of a?
3
Let p be (7 - -23)/((-6)/16). Let q be 1168/p - (-2)/(-5). Let u(c) = -c**3 - 14*c**2 + 11*c + 12. What is the units digit of u(q)?
2
Suppose -483944 - 181623 = -52*v + 417957. What is the tens digit of v?
3
Let g = -29490 + 58355. What is the hundreds digit of g?
8
Suppose 23*g - 5642 = 21*g + 5*a, 5*g = 2*a + 14105. What is the thousands digit of g?
2
Let z be (-162 - 12)*(-2)/(-4). Let i(a) = a**3 + 10*a**2 - a + 8. Let g be i(-7). Let b = g + z. What is the units digit of b?
5
Suppose 599 = -0*h + 2*h - 3*b, -4*h + 1223 = -b. Suppose 11*k - h = 199. Suppose -2 = 2*a - 4*j - 10, 0 = 4*a + 2*j - k. What is the units digit of a?
0
Suppose 0 = -5*d + 15*x - 10*x - 200, -d - 5*x - 10 = 0. Let b(k) = -35*k + 259. What is the units digit of b(d)?
4
Suppose -3*w + 31 = -23. Suppose -22 - w = -5*p. Suppose 3*x = p*x - 35. What is the units digit of x?
7
Let g = -162413 - -234956. What is the ten thousands digit of g?
7
Let l(j) = -320*j**3 + 5*j**2 + 12*j - 11. What is the tens digit of l(-2)?
4
Let m(u) = u - 21. Let b be m(29). Suppose 0 = 3*q - b*q - c + 1175, -443 = -2*q + 5*c. What is the tens digit of q?
3
Let z be (0 - 7)/(1/5). Let o = -35 - z. Suppose -3*b + 231 = -o*b. What is the units digit of b?
7
Suppose 4*j - 23 = j - 2*h, 17 = j + 3*h. Let y(n) = 2*n**2 + n - 14. Let m be y(-4). What is the hundreds digit of 200*(m/8 + (4 - j))?
1
Let u(g) = 19*g**2 - g - 8. Let o be (-5)/((-2)/(-2) + 0). Let r be u(o). Let p = -242 + r. What is the tens digit of p?
3
Suppose 4*p = -2*o + 50830, 2*p - 22547 - 2869 = -2*o. What is the ten thousands digit of p?
1
Suppose -6*m = 637 + 1637. Let f = 858 + m. What is the tens digit of f?
7
Let q = 127 - 136. What is the hundreds digit of -1 + (-6)/q - (-403)/3?
1
Let z(a) = a**2 + a. Let d(o) = 780*o**2 - 156*o. Let u(n) = d(n) + 156*z(n). Let p be u(-1). Suppose 0 = -w - 8*w + p. What is the hundreds digit of w?
1
Let q be (-39)/(-78)*(-1 - 0)*-44. Suppose 23*v = -q*v + 64845. What is the thousands digit of v?
1
Suppose -5*f = 2*v + 17235 - 96431, -3*f + 47526 = -3*v. What is the thousands digit of f?
5
Let a = -24614 + 47789. What is the units digit of a?
5
What is the ten thousands digit of (-123298)/(-6)*1449/1127?
2
Let i(o) = 144*o**3 - 2*o**2 + o. Let r(c) = -86*c + 30*c - 19 + 31*c + 29*c. Let k be r(5). What is the units digit of i(k)?
3
Let l(q) be the first derivative of -3*q**4/4 + q**2 - 3*q - 24. Let b be l(2). Let x = b + 61. What is the tens digit of x?
3
Let v(n) = 2*n**2 - 33*n + 107. Let l(i) = -2*i - 1. Let w(f) = -5*l(f) + v(f). What is the tens digit of w(19)?
9
Suppose -307*i + 503487 + 572855 = 0. What is the tens digit of i?
0
Let c = -23099 - -34079. What is the thousands digit of c?
0
Suppose -10*q + 15*q = 345. Suppose -6*n + 657 - q = 0. Suppose -5*c + p = -518, -3*c + 3*p = -2*c - n. What is the hundreds digit of c?
1
Suppose 4 = k + 2*l, 2*l + 3*l = 4*k - 16. Suppose 0 = o - 4*x - 837, 7*x = o + k*x - 837. What is the hundreds digit of o?
8
Suppose 14*b - 5277 - 5907 = -4*o, 2*o + 4*b - 5586 = 0. What is the hundreds digit of o?
7
What is the hundreds digit of (-9*(-2 - -4536))/(310/(-465))?
2
Suppose -142 = 5*w + 53. Let t = w - -62. Suppose 7*q = t*q - 1680. What is the hundreds digit of q?
1
Suppose -5*l = 3*p + 65, 10 = -4*l - 6. What is the tens digit of 236/(-3)*p/10?
1
Suppose -4957 = 17*b - 48783. What is the hundreds digit of b?
5
Let z(x) = -x**3 + 3*x**2 + 3*x + 5. Let g be z(4). What is the tens digit of (452/16 - g)/(4/16)?
0
Suppose -4465 = -2*d + 5*k, 160*k + 8970 = 4*d + 158*k. What is the hundreds digit of d?
2
What is the hundreds digit of 111370/140*(-20)/(-2)?
9
Let y = -231 - -527. Suppose 13*n - 170 = 11*n - 5*s, 4*n = s + y. What is the tens digit of n?
7
Suppose 76*n - 120613 = 1320879. What is the tens digit of n?
6
Let k(s) = -220*s + 2161. What is the units digit of k(-6)?
1
Let z(a) = 2*a. Let g be z(4). Let h(q) = 6*q - 7. Let r be h(1). W